(l) = -2*l**3 + 13*l**2 - 9*l + 3. What is m(5)?
33
Let d(s) = s**2 + 18*s - 31. Give d(2).
9
Let b(v) = v**3 - 3*v**2 - 3*v + 6. What is b(5)?
41
Let i(a) = -a**3 + 22*a**2 + 29*a - 160. Determine i(23).
-22
Let q(a) = 2*a**2 + 21*a + 22. What is q(-9)?
-5
Let b(n) = -n**2 + 2*n + 9. Give b(-5).
-26
Let z(y) = -2*y**2 - 19*y + 25. Calculate z(-12).
-35
Let u(o) = -6*o + 30. What is u(-10)?
90
Let t(n) = -3*n - 30. Give t(-11).
3
Let j(m) = -m**3 + m**2 - 32*m - 9. Determine j(0).
-9
Let w(i) = 3*i**3 + 12*i**2 + 6*i + 18. Give w(-4).
-6
Let q(i) = -i**3 - 5*i**2 + 4*i + 16. Calculate q(-5).
-4
Let c(m) = -m**3 + 12*m**2 + 14*m - 16. What is c(13)?
-3
Let b(m) = -2*m - 63. Calculate b(-15).
-33
Let k(w) = -32*w - 406. Calculate k(-13).
10
Let n(f) = -f**3 - 8*f**2 - 7*f + 2. Determine n(-7).
2
Let d(n) = 13*n**2 - 63*n - 18. What is d(5)?
-8
Let f(t) = -34*t**3 + 2*t**2 - 2*t + 1. What is f(1)?
-33
Let n(s) = -s**3 + 6*s**2 + s - 5. What is n(6)?
1
Let k(y) = 2*y**2 - 14*y + 5. What is k(9)?
41
Let i(o) = o**3 + 7*o**2 - 8*o - 1. Give i(-9).
-91
Let f(t) = t**2 - 3*t - 17. Give f(6).
1
Let z(r) = -3*r**2 + 3*r + 1. Give z(2).
-5
Let t(i) = 3*i - 17. What is t(8)?
7
Let l(g) = -g. Give l(-7).
7
Let v(m) = -m + 3. Give v(0).
3
Let h(l) = 8*l + 88. Calculate h(-12).
-8
Let y(x) = x**3 + 9*x**2 - 5*x - 1. Determine y(-8).
103
Let i(g) = -g**2 - 30*g + 96. Determine i(-33).
-3
Let k(l) = -3*l - 9. Determine k(-3).
0
Let r(t) = -t**3 - 10*t**2 + 9*t + 3. Determine r(-11).
25
Let w(u) = -4*u**2 - 47*u + 18. Calculate w(-12).
6
Let m(v) = -v**3 - 11*v**2 + 8*v. Calculate m(-12).
48
Let k(q) = q**3 - 6*q**2 + 9*q - 7. Give k(4).
-3
Let s(t) = t - 18. Calculate s(-8).
-26
Let v(s) = 3*s + 53. What is v(16)?
101
Let j(d) = d - 3. Determine j(4).
1
Let z(c) = 5*c - 1. Calculate z(12).
59
Let c(s) = 2*s**2 - 15*s + 34. Determine c(6).
16
Let o(c) = 9*c - 76. What is o(9)?
5
Let y(s) = 2*s + 20. Determine y(-8).
4
Let m(g) = 4*g**2 - 17*g + 1. Determine m(5).
16
Let g(h) = -h + 15. Determine g(4).
11
Let f(l) = -2*l**2 - 3*l + 2. Determine f(-3).
-7
Let v(w) = 11*w - 2. What is v(-3)?
-35
Let b(x) = -x**3 + 4*x**2 + 3*x + 1. Calculate b(5).
-9
Let d(w) = 2*w**3 + 2*w**2 + 3*w + 2. Determine d(3).
83
Let w(y) = 2*y**2 + 13*y - 11. What is w(0)?
-11
Let v(z) = z - 16. Calculate v(6).
-10
Let v(x) = -x**3 - 7*x**2 - 8*x - 5. Give v(-6).
7
Let u(d) = d**3 + 8*d**2 + 10*d + 9. Determine u(-7).
-12
Let y(d) = 12*d + 221. What is y(-18)?
5
Let s(v) = v**2 + 3*v + 9. Give s(-4).
13
Let w(l) = -5*l**2 - 124*l + 25. Determine w(-25).
0
Let v(a) = -a**3 + 27*a**2 + a - 36. Calculate v(27).
-9
Let f(v) = v**3 + 4*v**2 + 2*v - 21. Calculate f(-6).
-105
Let g(j) = -3*j + 9. Calculate g(3).
0
Let k(j) = -j**3 - 5*j**2 + 7*j + 9. What is k(-5)?
-26
Let w(b) = -b**3 - 4*b**2 + b - 5. Determine w(-4).
-9
Let w(q) = q**2 - 11*q + 25. Calculate w(8).
1
Let d(f) = f**3 - 3*f**2 - 18*f + 58. Determine d(4).
2
Let q(j) = j + 22. What is q(-15)?
7
Let a(f) = -f**2 + 18*f - 55. What is a(13)?
10
Let z(x) = 11*x + 5. Give z(-7).
-72
Let d(p) = -5*p**3 - 2. Give d(-2).
38
Let r(d) = -d**3 - 12*d**2 + 10*d + 2. Calculate r(1).
-1
Let c(r) = -3*r + 49. Determine c(16).
1
Let a(d) = -8*d - 2. Determine a(-6).
46
Let v(m) = -3*m**2 - 2. Calculate v(-5).
-77
Let q(m) = -m**3 + 4*m**2 - m + 9. Calculate q(4).
5
Let k(l) = l**2 + 6*l - 4. Give k(-4).
-12
Let n(i) = -i + 7. Give n(-9).
16
Let f(v) = -3*v**3 + 10*v + 10. Calculate f(-1).
3
Let m(k) = -k**3 - 4*k**2 - 3*k - 7. Give m(-3).
-7
Let p(w) = -w**2 - 21*w - 4. Calculate p(-21).
-4
Let m(f) = 149*f + 1045. What is m(-7)?
2
Let v(u) = 3*u + 4. Determine v(-6).
-14
Let o(x) = x**3 + 6*x**2 - 2*x - 3. Calculate o(-6).
9
Let x(p) = 173*p + 1899. Give x(-11).
-4
Let t(d) = 56*d**3 + d**2 + 3*d - 3. What is t(1)?
57
Let g(q) = -q**3 + q**2 + 4*q - 16. Calculate g(2).
-12
Let l(z) = 28*z - 173. Determine l(6).
-5
Let l(t) = 3*t - 27. Determine l(12).
9
Let m(r) = r**3 - 2*r**2 - 3*r - 4. Give m(-3).
-40
Let l(m) = 13*m + 20. Give l(-11).
-123
Let r(d) = 2*d - 75. Give r(-4).
-83
Let d(g) = g**3 + 2*g**2 - 6*g - 3. Calculate d(-3).
6
Let t(k) = -2*k**2 + 9*k - 13. Determine t(3).
-4
Let v(f) = 2*f**2 + 4*f + 4. What is v(-4)?
20
Let b(g) = -g + 12. Give b(-4).
16
Let g(z) = z**2 - 21*z + 77. Calculate g(19).
39
Let s(w) = w**3 + 7*w**2 + 9*w + 5. What is s(-5)?
10
Let u(h) = -19*h + 1. Give u(1).
-18
Let d(r) = 7*r - 117. What is d(17)?
2
Let l(p) = -4*p**2 + 3*p - 1. What is l(3)?
-28
Let f(n) = n**3 - 7*n**2 + 3*n - 3. Give f(6).
-21
Let o(n) = 2*n**2 - 14*n + 6. Calculate o(7).
6
Let c(a) = -a**2 - 27*a - 7. Determine c(0).
-7
Let r(i) = -i**2 - 7*i + 5. What is r(0)?
5
Let r(c) = -5*c**3 + c. Give r(-1).
4
Let p(l) = 27*l - 47. Give p(7).
142
Let p(s) = s - 6. Determine p(6).
0
Let d(m) = 75*m - 300. Determine d(4).
0
Let a(f) = -12*f**2 + 146*f - 14. Give a(12).
10
Let c(o) = 112*o - 4. What is c(1)?
108
Let h(q) = -q**2 - 12*q + 31. What is h(-14)?
3
Let y(f) = 12*f + 66. Determine y(-6).
-6
Let h(b) = -8*b + 13. Calculate h(0).
13
Let k(o) = -o**3 + 14*o**2 - 12. Calculate k(14).
-12
Let p(v) = -2*v**3 + 13*v**2 - 9*v + 13. Calculate p(6).
-5
Let k(t) = -12*t**2 - 27*t. Give k(-2).
6
Let m(o) = 2*o - 3. Calculate m(-4).
-11
Let i(j) = -j. Calculate i(-8).
8
Let w(g) = -9*g + 109. Give w(13).
-8
Let b(z) = -z - 2. Calculate b(0).
-2
Let u(w) = -w**3 + 13*w**2 - 15*w - 7. Give u(12).
-43
Let l(b) = -b**2 + 13*b - 20. Calculate l(9).
16
Let v(j) = -16*j - 134. Calculate v(-8).
-6
Let r(y) = y + 11. Calculate r(-10).
1
Let f(m) = -6*m + 7. Calculate f(5).
-23
Let g(y) = -76*y - 45. Calculate g(-1).
31
Let w(d) = 154*d**2 + 2*d - 1. What is w(1)?
155
Let l(a) = 4*a - 12. Give l(5).
8
Let y(l) = l**3 - 6*l**2 + 5*l + 8. Determine y(5).
8
Let u(n) = -n**3 - 6*n**2 - 6*n - 10. Determine u(-5).
-5
Let d(x) = -x - 2. What is d(-5)?
3
Let y(s) = 5*s**3 - 15*s**2 + 7. What is y(3)?
7
Let o(c) = -c**2 - 3*c + 3. What is o(-3)?
3
Let j(f) = 12*f**2 + 5*f + 4. Calculate j(-1).
11
Let m(n) = 6*n + 214. What is m(-39)?
-20
Let l(h) = h**3 - 4*h**2 - 5*h + 1. What is l(5)?
1
Let c(j) = j**2 - 9*j - 71. Give c(14).
-1
Let x(j) = -3*j + 8. Calculate x(9).
-19
Let v(j) = -j + 15. Determine v(12).
3
Let p(n) = n**3 - 10*n**2 + 21*n - 18. Calculate p(8).
22
Let y(x) = -2*x**2 - 16*x + 15. Give y(-9).
-3
Let r(c) = 6*c**3 - c - 2. Give r(-1).
-7
Let z(o) = -6*o + 67. Determine z(12).
-5
Let g(k) = k**3 + 30*k**2 - 30*k + 41. What is g(-31)?
10
Let y(p) = -p**3 + p**2 + 11. Calculate y(0).
11
Let t(p) = p**3 + 15*p**2 + 13*p + 38. What is t(-14)?
52
Let l(p) = -3*p - 29. What is l(9)?
-56
Let i(o) = -16*o + 22. Calculate i(2).
-10
Let k(h) = -h**3 - 17*h**2 + 22*h + 72. Calculate k(-18).
0
Let b(d) = -d**2 - 16*d - 33. Give b(-15).
-18
Let y(b) = b**2 - 3*b + 5. What is y(4)?
9
Let n(i) = 2*i + 17. Determine n(0).
17
Let d(i) = 4*i - 4. Give d(2).
4
Let c(t) = -2*t + 15. Calculate c(-2).
19
Let q(p) = 6*p + 24. Calculate q(-4).
0
Let o(j) = -2*j**3 + j**2 + 2*j - 2. What is o(-2)?
14
Let u(c) = -8*c - 15. Give u(-4).
17
Let b(c) = c**2 - c - 18. Determine b(-8).
54
Let z(p) = 14*p - 1. Calculate z(1).
13
Let v(p) = 3*p**3 - 10*p**2 + 6*p + 2. Determine v(2).
-2
Let m(y) = -44*y**2 - 4*y - 1. Give m(-1).
-41
Let w(z) = -2*z**3 + 5*z**2 + 2*z - 4. Give w(4).
-44
Let f(r) = -r**3 + 6*r**2 + 2*r + 21. Determine f(7).
-14
Let q(c) = -10*c + 6. What is q(4)?
-34
Let i(j) = j**3 - 2*j**2 - j - 1. What is i(3)?
5
Let t(v) = 12*v + 159. What is t(-13)?
3
Let u(t) = t**2 - 14*t - 11. What is u(16)?
21
Let c(l) = -l**2 + 21*l + 3. What is c(21)?
3
Let t(k) = k**2 + 2*k - 7. What is t(6)?
41
Let f(h) = -4*h**2 - 3*h + 3. What is f(2)?
-19
Let m(o) = -o**3 + 6*o**2 - 2*o - 1. Calculate m(5).
14
Let i(z) = -z**2 - 25*z - 95. Determine i(-15).
55
Let n(j) = -j**3 - 5*j**2 - j - 7. What is n(-6)?
35
Let j(u) = u**3 + 6*u**2 - 5*u + 15. Give j(-7).
1
Let p(f) = 9*f - 5. Give p(2).
13
Let r(n) = -13*n + 40. Determine r(3).
1
Let r(t) = t**3 - 27*t**2 + 94*t - 40. Calculate r(23).
6
Let h(f) = 3*f**3 - 4*f**2 - 2. What is h(-2)?
-42
Let k(v) = v**3 - 12*v**2 - 20. Determine k(11).
-141
Let l(g) = g**3 - 12*g**2 - 28*g - 12. Give l(14).
-12
Let t(s) = -s**3 + 8*s**2 + 2. Det